{"id":29,"date":"2021-12-26T13:51:41","date_gmt":"2021-12-26T12:51:41","guid":{"rendered":"http:\/\/www.autoscuolacantianidelcentro.it\/new\/?page_id=29"},"modified":"2022-01-19T16:34:28","modified_gmt":"2022-01-19T15:34:28","slug":"dove-siamo","status":"publish","type":"page","link":"https:\/\/www.autoscuolacantianidelcentro.it\/index.php\/dove-siamo\/","title":{"rendered":"Dove siamo"},"content":{"rendered":"\n<p><strong>L&#8217;Autoscuola Cantiani del Centro si trova ad&nbsp;Ancona, in Corso Stamira 30\/32,nel cuore della citt\u00e0.<\/strong><\/p>\n\n\n\n<iframe src=\"https:\/\/www.google.com\/maps\/embed?pb=!1m18!1m12!1m3!1d2888.4634767333723!2d13.50888981536525!3d43.617711579122535!2m3!1f0!2f0!3f0!3m2!1i1024!2i768!4f13.1!3m3!1m2!1s0x132d7fbcefcbdbcb%3A0x740b85222af2dd2f!2sAutoscuola%20Cantiani%20Del%20Centro!5e0!3m2!1sit!2sit!4v1640523698579!5m2!1sit!2sit\" width=\"600\" height=\"450\" style=\"border:0;\" allowfullscreen=\"\" loading=\"lazy\"><\/iframe>\n\n\n\n<figure class=\"wp-block-image size-full is-style-rounded\"><img loading=\"lazy\" decoding=\"async\" width=\"200\" height=\"150\" src=\"https:\/\/i1.wp.com\/www.autoscuolacantianidelcentro.it\/new\/wp-content\/uploads\/2021\/12\/IMG_20170725_164852_1-2.jpg?resize=200%2C150&#038;ssl=1\" alt=\"\" class=\"wp-image-72\" data-recalc-dims=\"1\"\/><\/figure>\n\n\n\n<p class=\"has-text-align-center\">&#8230;ieri<\/p>\n\n\n\n<div class=\"wp-block-image is-style-default\"><figure class=\"aligncenter size-large\"><img loading=\"lazy\" decoding=\"async\" width=\"525\" height=\"227\" src=\"https:\/\/i1.wp.com\/www.autoscuolacantianidelcentro.it\/new\/wp-content\/uploads\/2022\/01\/facciata.jpg?resize=525%2C227&#038;ssl=1\" alt=\"\" class=\"wp-image-258\" srcset=\"https:\/\/i2.wp.com\/www.autoscuolacantianidelcentro.it\/new\/wp-content\/uploads\/2022\/01\/facciata-scaled.jpg?resize=1024%2C443&amp;ssl=1 1024w, https:\/\/i2.wp.com\/www.autoscuolacantianidelcentro.it\/new\/wp-content\/uploads\/2022\/01\/facciata-scaled.jpg?resize=300%2C130&amp;ssl=1 300w, https:\/\/i2.wp.com\/www.autoscuolacantianidelcentro.it\/new\/wp-content\/uploads\/2022\/01\/facciata-scaled.jpg?resize=768%2C332&amp;ssl=1 768w, https:\/\/i2.wp.com\/www.autoscuolacantianidelcentro.it\/new\/wp-content\/uploads\/2022\/01\/facciata-scaled.jpg?resize=1536%2C664&amp;ssl=1 1536w, https:\/\/i2.wp.com\/www.autoscuolacantianidelcentro.it\/new\/wp-content\/uploads\/2022\/01\/facciata-scaled.jpg?resize=2048%2C886&amp;ssl=1 2048w\" sizes=\"(max-width: 706px) 89vw, (max-width: 767px) 82vw, 740px\" data-recalc-dims=\"1\" \/><\/figure><\/div>\n\n\n\n<p>&#8230;come oggi!<\/p>\n\n\n\n<p class=\"has-vivid-cyan-blue-color has-text-color has-large-font-size\">Orari apertura ufficio<\/p>\n\n\n\n<p><\/p>\n\n\n\n<p><strong><em>Dal Luned\u00ec al Venerd\u00ec<\/em><\/strong><\/p>\n\n\n\n<p>dalle 9.00 alle 12.30 e dalle 15.30 alle 19.30<\/p>\n\n\n\n<p><strong><em>Sabato Mattina<\/em><\/strong><\/p>\n\n\n\n<p>dalle 9.30 alle 12.00<\/p>\n\n\n\n<p class=\"has-vivid-red-color has-text-color\"><strong><em>Sabato Pomeriggio e Domenica CHIUSO<\/em><\/strong><\/p>\n\n\n\n<p>Tel. Ufficio 071.200585<br>Cell. Marco (Responsabile Didattico) 349.3421901<\/p>\n\n\n\n<p class=\"has-vivid-red-color has-text-color\"><strong><em>e-mail: <a href=\"mailto:info@autoscuolacantianidelcentro.it\" target=\"_blank\" rel=\"noreferrer noopener\">info@autoscuolacantianidelcen<\/a><\/em><\/strong><a href=\"mailto:info@autoscuolacantianidelcentro.it\" target=\"_blank\" rel=\"noreferrer noopener\"><em><strong>tro.it<\/strong><\/em><\/a><\/p>\n\n\n\n<p><\/p>\n","protected":false},"excerpt":{"rendered":"<p>L&#8217;Autoscuola Cantiani del Centro si trova ad&nbsp;Ancona, in Corso Stamira 30\/32,nel cuore della citt\u00e0. &#8230;ieri &#8230;come oggi! Orari apertura ufficio Dal Luned\u00ec al Venerd\u00ec dalle 9.00 alle 12.30 e dalle 15.30 alle 19.30 Sabato Mattina dalle 9.30 alle 12.00 Sabato Pomeriggio e Domenica CHIUSO Tel. Ufficio 071.200585Cell. Marco (Responsabile Didattico) 349.3421901 e-mail: info@autoscuolacantianidelcentro.it<\/p>\n","protected":false},"author":1,"featured_media":0,"parent":0,"menu_order":3,"comment_status":"closed","ping_status":"closed","template":"","meta":{"spay_email":"","footnotes":""},"jetpack-related-posts":[{"id":76,"url":"https:\/\/www.autoscuolacantianidelcentro.it\/","url_meta":{"origin":29,"position":0},"title":"Home","date":"26 Dicembre 2021","format":false,"excerpt":"centro istruzione automobilistico Da oltre 70 anni al servizio dell'Automobilista\u2026Esperienza e professionalit\u00e0 al passo con i tempi! Vienici a trovare in Corso Stamira 30\/32nel cuore di Ancona\u2026oppurechiamaci allo 071.200585","rel":"","context":"Articolo simile","img":{"alt_text":"","src":"https:\/\/i2.wp.com\/www.autoscuolacantianidelcentro.it\/new\/wp-content\/uploads\/2025\/07\/clio.png?resize=350%2C200&ssl=1","width":350,"height":200},"classes":[]},{"id":28,"url":"https:\/\/www.autoscuolacantianidelcentro.it\/index.php\/chi-siamo\/","url_meta":{"origin":29,"position":1},"title":"Chi siamo","date":"26 Dicembre 2021","format":false,"excerpt":"L'Autoscuola Cantiani del Centro nasce in Ancona nel 1947, situata proprio nel centro della Citt\u00e0. Lo staff, figlia e nipoti di Roberto Cantiani, fondatore dell'Autoscuola, \u00e8 sempre aggiornato e garantisce un'ottima e proficua preparazione, sia teorica che pratica. Si utilizzano software su licenza, all'avanguardia e sempre aggiornati, sia per 'insegnamento\u2026","rel":"","context":"Articolo simile","img":{"alt_text":"","src":"https:\/\/i2.wp.com\/www.autoscuolacantianidelcentro.it\/new\/wp-content\/uploads\/2025\/07\/clio2.png?resize=350%2C200&ssl=1","width":350,"height":200},"classes":[]}],"_links":{"self":[{"href":"https:\/\/www.autoscuolacantianidelcentro.it\/index.php\/wp-json\/wp\/v2\/pages\/29"}],"collection":[{"href":"https:\/\/www.autoscuolacantianidelcentro.it\/index.php\/wp-json\/wp\/v2\/pages"}],"about":[{"href":"https:\/\/www.autoscuolacantianidelcentro.it\/index.php\/wp-json\/wp\/v2\/types\/page"}],"author":[{"embeddable":true,"href":"https:\/\/www.autoscuolacantianidelcentro.it\/index.php\/wp-json\/wp\/v2\/users\/1"}],"replies":[{"embeddable":true,"href":"https:\/\/www.autoscuolacantianidelcentro.it\/index.php\/wp-json\/wp\/v2\/comments?post=29"}],"version-history":[{"count":11,"href":"https:\/\/www.autoscuolacantianidelcentro.it\/index.php\/wp-json\/wp\/v2\/pages\/29\/revisions"}],"predecessor-version":[{"id":259,"href":"https:\/\/www.autoscuolacantianidelcentro.it\/index.php\/wp-json\/wp\/v2\/pages\/29\/revisions\/259"}],"wp:attachment":[{"href":"https:\/\/www.autoscuolacantianidelcentro.it\/index.php\/wp-json\/wp\/v2\/media?parent=29"}],"curies":[{"name":"wp","href":"https:\/\/api.w.org\/{rel}","templated":true}]}}